376651?
False
Does 208 divide 3249168?
True
Is 928177 a multiple of 42?
False
Is 17 a factor of 39746?
True
Does 283 divide 299669?
False
Is 41 a factor of 1191337?
True
Is 59 a factor of 58075?
False
Is 83 a factor of 20335?
True
Is 3137191 a multiple of 381?
False
Is 11 a factor of 863940?
True
Is 301 a factor of 2857092?
True
Does 36 divide 339445?
False
Does 236 divide 114460?
True
Is 4629922 a multiple of 229?
True
Is 3458623 a multiple of 7?
True
Is 5 a factor of 5975?
True
Is 141114 a multiple of 58?
True
Is 115 a factor of 15322370?
True
Is 7 a factor of 12427101?
False
Is 7914 a multiple of 2?
True
Does 2 divide 222798?
True
Is 1680756 a multiple of 102?
True
Does 22 divide 466334?
True
Does 11 divide 10164?
True
Is 143 a factor of 9177?
False
Does 510 divide 6532080?
True
Does 42 divide 2170?
False
Is 9 a factor of 374270?
False
Is 18201816 a multiple of 1212?
True
Is 14 a factor of 55526?
False
Is 1116864 a multiple of 84?
True
Is 466092 a multiple of 363?
True
Is 221520 a multiple of 120?
True
Is 360998 a multiple of 10?
False
Does 386 divide 241322?
False
Is 7 a factor of 984277?
True
Is 642 a factor of 123352?
False
Does 27 divide 3890241?
True
Is 18 a factor of 7834050?
True
Does 141 divide 3449698?
False
Does 34 divide 3274713?
False
Is 55150 a multiple of 5?
True
Does 24 divide 233232?
True
Does 20 divide 97220?
True
Does 175 divide 6494807?
False
Is 4278522 a multiple of 643?
True
Is 14402542 a multiple of 77?
True
Does 3 divide 6096?
True
Does 109 divide 115649?
True
Is 1321225 a multiple of 41?
True
Is 20980 a multiple of 10?
True
Is 29 a factor of 22549037?
True
Does 7 divide 636363?
True
Is 13141 a multiple of 3?
False
Does 9 divide 28566?
True
Is 6 a factor of 132112?
False
Is 46537 a multiple of 173?
True
Does 316 divide 579830?
False
Does 61 divide 152805?
True
Is 609 a factor of 12088675?
False
Is 522 a factor of 333036?
True
Is 78161 a multiple of 14?
False
Is 65600 a multiple of 160?
True
Is 13 a factor of 241001?
False
Is 24 a factor of 3727968?
True
Is 55 a factor of 35442?
False
Does 3 divide 459641?
False
Does 87 divide 115517?
False
Does 264 divide 943099?
False
Does 30 divide 40890?
True
Is 11 a factor of 799252?
False
Does 56 divide 3502912?
True
Is 1068630 a multiple of 597?
True
Is 14 a factor of 103808?
False
Does 134 divide 79060?
True
Is 6 a factor of 2670292?
False
Is 564960 a multiple of 107?
True
Does 58 divide 337850?
True
Is 338917 a multiple of 47?
True
Is 329 a factor of 6580?
True
Is 87 a factor of 78717?
False
Is 870351 a multiple of 16?
False
Is 29 a factor of 74066?
True
Is 4609920 a multiple of 735?
True
Does 269 divide 5918?
True
Is 12111840 a multiple of 13?
True
Is 46 a factor of 3621626?
True
Does 807 divide 167049?
True
Is 13 a factor of 78515?
False
Is 14543221 a multiple of 469?
True
Is 10 a factor of 56590?
True
Is 18 a factor of 37260?
True
Does 181 divide 1688368?
True
Is 35 a factor of 59130?
False
Is 882624 a multiple of 193?
False
Is 1018440 a multiple of 15?
True
Does 26 divide 2776098?
True
Does 12 divide 562284?
True
Is 92484 a multiple of 36?
True
Is 33390 a multiple of 7?
True
Is 720808 a multiple of 22?
True
Is 3854036 a multiple of 68?
True
Does 28 divide 162988?
True
Is 938370 a multiple of 30?
True
Does 179 divide 800963?
False
Does 27 divide 139498?
False
Does 24 divide 268000?
False
Is 61933 a multiple of 4?
False
Is 356 a factor of 601868?
False
Is 37 a factor of 169645?
True
Does 370 divide 958300?
True
Does 775 divide 11296432?
False
Does 116 divide 45191?
False
Is 936 a factor of 2862288?
True
Does 11 divide 32571?
True
Does 659 divide 868562?
True
Is 908200 a multiple of 100?
True
Is 32 a factor of 698592?
True
Is 11 a factor of 3565628?
True
Does 257 divide 2587990?
True
Does 96 divide 271488?
True
Is 37 a factor of 206584?
False
Is 56 a factor of 798123?
False
Does 54 divide 93042?
True
Is 3270261 a multiple of 55?
False
Is 74 a factor of 119839?
False
Is 30 a factor of 1208687?
False
Does 88 divide 431552?
True
Is 1287108 a multiple of 9?
True
Is 58976 a multiple of 59?
False
Does 23 divide 3066982?
False
Is 83644 a multiple of 4?
True
Is 818 a factor of 2022914?
True
Is 2042 a multiple of 14?
False
Does 40 divide 52920?
True
Is 461449 even?
False
Is 1344 a factor of 15585024?
True
Is 1223 a factor of 2391998?
False
Is 103429 a multiple of 101?
False
Is 15 a factor of 4611192?
False
Is 14 a factor of 3380328?
True
Does 158 divide 178382?
True
Is 25 a factor of 20175?
True
Does 57 divide 139421?
False
Is 250 a factor of 4645750?
True
Does 37 divide 2945874?
False
Is 8 a factor of 1713136?
True
Is 11 a factor of 247159?
True
Is 34 a factor of 4205672?
False
Does 74 divide 4611?
False
Does 35 divide 1847790?
True
Does 186 divide 2772334?
False
Is 5962507 a multiple of 138?
False
Is 191862 a multiple of 66?
True
Is 31668 a multiple of 52?
True
Is 668 a factor of 2147620?
True
Is 16714 a multiple of 122?
True
Is 50530 a multiple of 31?
True
Is 547 a factor of 6986284?
True
Is 1517130 a multiple of 37?
False
Is 190 a factor of 102790?
True
Is 31 a factor of 104439?
True
Is 467392 a multiple of 215?
False
Does 43 divide 2924?
True
Does 72 divide 293797?
False
Does 167 divide 5511?
True
Is 22 a factor of 41118?
True
Is 2593214 a multiple of 25?
False
Is 419631 a multiple of 411?
True
Is 430 a factor of 2119470?
True
Is 150 a factor of 365700?
True
Is 415894 a multiple of 142?
False
Does 19 divide 422473?
False
Does 87 divide 8030766?
False
Is 1763990 a multiple of 8?
False
Is 906 a factor of 11039856?
False
Does 9 divide 36379?
False
Is 6 a factor of 131615?
False
Is 133 a factor of 5562858?
True
Is 183832 a multiple of 81?
False
Is 120 a factor of 328680?
True
Does 9 divide 137079?
True
Is 7700 a multiple of 220?
True
Is 98073 a multiple of 10?
False
Is 14 a factor of 105717?
False
Is 27 a factor of 1306492?
False
Does 84 divide 635619?
False
Is 36956209 a multiple of 41?
False
Is 26 a factor of 125086?
True
Is 271 a factor of 16001737?
True
Is 520752 a multiple of 304?
True
Does 2 divide 26156?
True
Does 75 divide 114973?
False
Does 17 divide 187615?
False
Is 575 a factor of 9214157?
False
Is 7331872 a multiple of 589?
True
Is 86 a factor of 1904298?
True
Is 1198253 a multiple of 8?
False
Does 21 divide 170394?
True
Is 3784642 a multiple of 17?
True
Is 759315 a multiple of 223?
True
Is 105 a factor of 2534700?
True
Is 3283124 a multiple of 182?
False
Is 40 a factor of 393881?
False
Does 119 divide 23552361?
True
Is 23702 a multiple of 7?
True
Does 34 divide 1242360?
True
Is 476151 a multiple of 257?
False
Is 69373 a multiple of 4?
False
Is 20 a factor of 553120?
True
Is 14 a factor of 431844?
True
Is 2381934 a multiple of 6?
True
Does 142 divide 464340?
True
Does 25 divide 194620?
False
Does 234 divide 236897?
False
Is 42 a factor of 23310?
True
Does 19 divide 9095857?
False
Is 47962 a multiple of 6?
False
Is 259782 a multiple of 26?
False
Is 5 a factor of 181140?
True
Does 31 divide 1261266?
True
Is 73344 a multiple of 16?
True
Is 161850 a multiple of 249?
True
Is 406965 a multiple of 48?
False
Is 371149 a multiple of 108?
False
Is 299148 a multiple of 11?
False
Is 15534064 a multiple of 1589?
True
Is 138849 a multiple of 105?
False
Is 218685 a multiple of 61?
True
Is 1344574 a multiple of 77?
True
Does 5 divide 188212?
False
Is 72 a factor of 3044016?
True
Does 72 divide 250677?
False
Is 7661669 a multiple of 49?
False
Does 81 divide 708336?
False
Does 5 divide 667517?
False
Does 190 divide 1383136?
False
Is 1316194 a multiple of 58?
True
Is 274 a factor of 281982?
False
Is 580459 a multiple of 22?
False
Is 51885 a multiple of 22?
False
Does 9 divide 197883?
True
Is 259 a factor of 14383306?
True
Does 95 divide 108940?
False
Does 13 divide 21827?
True
Does 9 divide 523944?
True
Is 411 a factor of 94530?
True
Is 286 a factor of 38479?
False
Does 90 divide 1231117?
False
Is 175076 a multiple of 170?
False
Is 1403183 a multiple of 23?
False
Is 1037208 a multiple of 133?
False
Is 95 a factor of 7233787?
False
Is 687588 a multiple of 66?
True
Does 129 divide 67596?
True
Does 13 divide 14794?
True
Is 2349710 a multiple of 46?
False
Is 21 a factor of 1892894?
False
Is 19 a factor of 2914236?
False
Is 13 a factor of 613769?
True
Does 166 divide 88390?
False
Is 725259 